{"id":96,"date":"2023-09-07T09:22:59","date_gmt":"2023-09-07T09:22:59","guid":{"rendered":"http:\/\/193.194.89.33\/VERELEX\/?page_id=96"},"modified":"2024-05-12T09:26:12","modified_gmt":"2024-05-12T09:26:12","slug":"cellule-de-communication","status":"publish","type":"page","link":"https:\/\/vrrelex.usthb.dz\/index.php\/cellule-de-communication\/","title":{"rendered":"Cellule de Communication"},"content":{"rendered":"\n<p class=\"has-normal-font-size\">A fin de remplir ses missions, la cellule de communication concentre ses<br>efforts sur la communication : \u00e9crite, web, graphique de l\u2019universit\u00e9.<br>Les activit\u00e9s principales de la cellule de communication :<\/p>\n\n\n\n<ul>\n<li>Communication &amp; presse \/ m\u00e9dias<\/li>\n\n\n\n<li>Communication &amp; Web<\/li>\n\n\n\n<li>Communication Audiovisuelle &amp; Identit\u00e9 Visuelle<\/li>\n\n\n\n<li>Organisation des \u00e9v\u00e9nements Nationaux et Internationaux<\/li>\n\n\n\n<li>Communication &amp; Presse \/ M\u00e9dias<\/li>\n<\/ul>\n\n\n\n<p>La cellule de communication g\u00e8re les relations de l\u2019USTHB avec la presse et les<br>m\u00e9dias, elle est charg\u00e9e de :<\/p>\n\n\n\n<ul>\n<li>Organisation des rencontres avec la presse.<\/li>\n\n\n\n<li>Organisation des conf\u00e9rences de presse.<\/li>\n\n\n\n<li>R\u00e9daction des communiqu\u00e9s et dossiers de presse.<\/li>\n\n\n\n<li>Tenir \u00e0 jour la base de donn\u00e9es de la presse et des m\u00e9dias.<\/li>\n\n\n\n<li>Edition de la revue de presse.<\/li>\n\n\n\n<li>Couverture des \u00e9v\u00e9nements, Manifestations et c\u00e9r\u00e9monies institutionnelles.<\/li>\n\n\n\n<li>Communication &amp; Web USTHB<\/li>\n\n\n\n<li>Diffusion des informations via le site web<\/li>\n<\/ul>\n","protected":false},"excerpt":{"rendered":"<p>A fin de remplir ses missions, la cellule de communication <span class=\"readmore\"><a href=\"https:\/\/vrrelex.usthb.dz\/index.php\/cellule-de-communication\/\">Lire Plus<\/a><\/span><\/p>\n","protected":false},"author":1,"featured_media":0,"parent":0,"menu_order":0,"comment_status":"closed","ping_status":"closed","template":"","meta":{"footnotes":""},"_links":{"self":[{"href":"https:\/\/vrrelex.usthb.dz\/index.php\/wp-json\/wp\/v2\/pages\/96"}],"collection":[{"href":"https:\/\/vrrelex.usthb.dz\/index.php\/wp-json\/wp\/v2\/pages"}],"about":[{"href":"https:\/\/vrrelex.usthb.dz\/index.php\/wp-json\/wp\/v2\/types\/page"}],"author":[{"embeddable":true,"href":"https:\/\/vrrelex.usthb.dz\/index.php\/wp-json\/wp\/v2\/users\/1"}],"replies":[{"embeddable":true,"href":"https:\/\/vrrelex.usthb.dz\/index.php\/wp-json\/wp\/v2\/comments?post=96"}],"version-history":[{"count":18,"href":"https:\/\/vrrelex.usthb.dz\/index.php\/wp-json\/wp\/v2\/pages\/96\/revisions"}],"predecessor-version":[{"id":1261,"href":"https:\/\/vrrelex.usthb.dz\/index.php\/wp-json\/wp\/v2\/pages\/96\/revisions\/1261"}],"wp:attachment":[{"href":"https:\/\/vrrelex.usthb.dz\/index.php\/wp-json\/wp\/v2\/media?parent=96"}],"curies":[{"name":"wp","href":"https:\/\/api.w.org\/{rel}","templated":true}]}}