{"id":1454,"date":"2025-05-20T13:36:32","date_gmt":"2025-05-20T13:36:32","guid":{"rendered":"http:\/\/193.194.89.33\/VERELEX\/?page_id=1454"},"modified":"2025-05-20T13:39:46","modified_gmt":"2025-05-20T13:39:46","slug":"bourses-postdoctorales-2025-marie-sklodowska-curie","status":"publish","type":"page","link":"https:\/\/vrrelex.usthb.dz\/index.php\/bourses-postdoctorales-2025-marie-sklodowska-curie\/","title":{"rendered":"Bourses Postdoctorales 2025 Marie Sk\u0142odowska-Curie"},"content":{"rendered":"\n<p>Appel \u00e0 propositions pour les bourses postdoctorales 2025&nbsp;<a href=\"https:\/\/www.facebook.com\/Marie.Curie.Actions?__cft__%5b0%5d=AZUG1BLwnWN24PYMVXAp8Zo11nwmYWUxdoPNmgrF9uq6C-H_Cn4Eb_IkeNeG3EptvTH3h-5o49Vna8pM7u3hwaP9qqLcTVC5M5HQYgBCSKmdDFTcp_pi1r1sLlT3AZRbxcsSh79uhA8LGXnjYLv1uZDQEy7xLubiwmo8cKuGrFbva36QPRDZpmCW16HDDUClMALf03XvrwaaO4CTQa-nzmBb&amp;__tn__=-%5dK-R\">Marie Sk\u0142odowska-Curie<\/a>&nbsp;est maintenant ouvert.<\/p>\n\n\n\n<p>Vous \u00eates titulaire d\u2019un doctorat et souhaitez poursuivre votre carri\u00e8re acad\u00e9mique ? Postulez &amp; b\u00e9n\u00e9ficiez de :<\/p>\n\n\n\n<ol>\n<li>Nouvelles comp\u00e9tences<\/li>\n\n\n\n<li>Entra\u00eenement avanc\u00e9<\/li>\n\n\n\n<li>Mobilit\u00e9 internationale<\/li>\n<\/ol>\n\n\n\n<p>Date limite : 10 septembre 2025<\/p>\n","protected":false},"excerpt":{"rendered":"<p>Appel \u00e0 propositions pour les bourses postdoctorales 2025&nbsp;Marie Sk\u0142odowska-Curie&nbsp;est maintenant <span class=\"readmore\"><a href=\"https:\/\/vrrelex.usthb.dz\/index.php\/bourses-postdoctorales-2025-marie-sklodowska-curie\/\">Lire Plus<\/a><\/span><\/p>\n","protected":false},"author":1,"featured_media":1016,"parent":0,"menu_order":0,"comment_status":"closed","ping_status":"closed","template":"","meta":{"footnotes":""},"_links":{"self":[{"href":"https:\/\/vrrelex.usthb.dz\/index.php\/wp-json\/wp\/v2\/pages\/1454"}],"collection":[{"href":"https:\/\/vrrelex.usthb.dz\/index.php\/wp-json\/wp\/v2\/pages"}],"about":[{"href":"https:\/\/vrrelex.usthb.dz\/index.php\/wp-json\/wp\/v2\/types\/page"}],"author":[{"embeddable":true,"href":"https:\/\/vrrelex.usthb.dz\/index.php\/wp-json\/wp\/v2\/users\/1"}],"replies":[{"embeddable":true,"href":"https:\/\/vrrelex.usthb.dz\/index.php\/wp-json\/wp\/v2\/comments?post=1454"}],"version-history":[{"count":1,"href":"https:\/\/vrrelex.usthb.dz\/index.php\/wp-json\/wp\/v2\/pages\/1454\/revisions"}],"predecessor-version":[{"id":1455,"href":"https:\/\/vrrelex.usthb.dz\/index.php\/wp-json\/wp\/v2\/pages\/1454\/revisions\/1455"}],"wp:featuredmedia":[{"embeddable":true,"href":"https:\/\/vrrelex.usthb.dz\/index.php\/wp-json\/wp\/v2\/media\/1016"}],"wp:attachment":[{"href":"https:\/\/vrrelex.usthb.dz\/index.php\/wp-json\/wp\/v2\/media?parent=1454"}],"curies":[{"name":"wp","href":"https:\/\/api.w.org\/{rel}","templated":true}]}}