{"id":121,"date":"2023-09-07T10:02:56","date_gmt":"2023-09-07T10:02:56","guid":{"rendered":"http:\/\/193.194.89.33\/VERELEX\/?page_id=121"},"modified":"2026-01-19T14:37:18","modified_gmt":"2026-01-19T14:37:18","slug":"erasmus","status":"publish","type":"page","link":"https:\/\/vrrelex.usthb.dz\/index.php\/erasmus\/","title":{"rendered":"Erasmus+"},"content":{"rendered":"\n<p>Erasmus+ est un programme de l\u2019union europ\u00e9enne qui vise \u00e0 soutenir des actions dans les domaines de l\u2019Enseignement, de la formation, de la jeunesse et du Sport.&nbsp;<\/p>\n\n\n\n<p>Une importance majeure a \u00e9t\u00e9 accord\u00e9e au secteur de l\u2019enseignement sup\u00e9rieur, qui s\u2019articule sur les points suivants: <\/p>\n\n\n\n<p>\u2022Cr\u00e9dit de Mobilit\u00e9 Internationale <strong>ICM<\/strong> <\/p>\n\n\n\n<p>\u2022Les projets de Renforcement de Capacit\u00e9s <strong>CBHE<\/strong> <\/p>\n\n\n\n<p>\u2022<strong> <\/strong>Les Masters Conjoints Erasmus Mundus <strong>EMJMD<\/strong> <\/p>\n\n\n\n<p>\u2022Le Projet <strong>JEAN MONNET<\/strong><\/p>\n\n\n\n<p><\/p>\n\n\n\n<h2 class=\"wp-block-heading\">Liste des ICM de l&#8217;USTHB<\/h2>\n\n\n\n<table class=\"table-style\">\n \n        <thead>\n<head>\n<style>\n*, ::before, ::after {\n    box-sizing: border-box;\n    margin: 0; \n    padding: 0;\n}\n\nbody {\n   \n padding: 18px;\n    font-family: Arial, Helvetica, sans-serif;\n    background: #fff;\n    display: flex;\n    justify-content: center;\n    align-items: center;\n}\n\n.table-style  {\n    border-collapse: collapse;\n    box-shadow: 0 5px 50px rgba(0,0,0,0.15);\n    cursor: pointer;\n    margin: 0px auto;\n    border: 2px solid midnightblue;\n}\n\nthead tr {\n    background-color: midnightblue;\n    color: #fff;\n    text-align: left;\n}\n\nth, td {\n    padding: 15px 20px;\n    text-align: center;\n}\n\ntbody tr, td, th {\n    border: 1px solid #ddd;\n}\n\ntbody tr:nth-child(even){\n    background-color: #f3f3f3;\n}\n\n@media screen and (max-width: 550px) {\n  body {\n    align-items: flex-start;\n  }\n  .table-style  {\n    width: 100%;\n    margin: 0px;\n    font-size: 10px;\n  }\n  th, td {\n    padding: 10px 7px;\n}\n\n}\n<\/head>\n<\/style>\n            <tr>\n                <th style=\"width:40 %;\">P\u00e9riode de Coop\u00e9ration <\/th>\n                <th style=\"width: 60%;\">Universit\u00e9 Partenaire<\/th>\n                \n               \n            <\/tr>\n        <\/thead>\n        \n\n        <tbody>\n            <tr>\n                 <td> 2015-2021<\/td> \n                <td>Universit\u00e9 NOVA de Lisboa<\/td>\n                \n                \n            <\/tr>\n            <tr>\n                 <td>2017-2021<\/td>\n                <td>Mare Nostrum Consortium<\/td>  \n            <\/tr>\n  <tr>\n                 <td>2016-2025<\/td>\n                <td>Universit\u00e9 de Granada<\/td>\n                 \n            <\/tr>\n \n  <tr>\n                 <td>2019-2022<\/td>\n                <td>Universit\u00e9\u00a0 polytechnique de Madrid<\/td>\n                 \n            <\/tr>\n \n\n<tr>\n                 <td>2020-2021<\/td>\n                <td>Adana ALPARSLAN T\u00dcRKE\u015e UNIVERSITY of Science and Technology (ATU)<\/td>\n                 \n            <\/tr>\n<tr>\n                 <td>2021-2027<\/td>\n                <td>Universit\u00e0 degli Studi della Campania \u201cLuigi Vanvitelli\u201d<\/td>\n                 \n            <\/tr>\n<tr>\n                 <td>2021-2027<\/td>\n                <td> University of Konya<\/td>\n                 \n            <\/tr>\n\n<tr>\n                 <td>2023-2027<\/td>\n                <td>APOLLONIA UNIVERSITY from IASI<\/td>\n                 \n            <\/tr>\n<tr>\n                 <td>2023-2028<\/td>\n                <td>GHEORGHE ASACHI\u201d TECHNICAL UNIVERSITY OF IASI<\/td>\n                 \n            <\/tr>\n<tr>\n                 <td>2021-2027<\/td>\n                <td>Polytechnic institue of Bragan\u00e7a<\/td>\n                 \n            <\/tr>\n<tr>\n                 <td>2021-2027<\/td>\n                <td> University of Pisa<\/td>\n                 \n            <\/tr>\n<tr>\n                 <td>2021-2027<\/td>\n                <td> Brandenburg University of Technology Cottbus-Senftenberg<\/td>\n                 \n            <\/tr>\n<\/FONT>\n        <\/tbody>\n\n    <\/table>\n\n\n\n<h2 class=\"wp-block-heading\">Liste des Projets CBHE de l&#8217;USTHB<\/h2>\n\n\n\n<table class=\"table-style\">\n \n        <thead>\n<head>\n<style>\n*, ::before, ::after {\n    box-sizing: border-box;\n    margin: 0; \n    padding: 0;\n}\n\nbody {\n   \n padding: 18px;\n    font-family: Arial, Helvetica, sans-serif;\n    background: #fff;\n    display: flex;\n    justify-content: center;\n    align-items: center;\n}\n\n.table-style  {\n    border-collapse: collapse;\n    box-shadow: 0 5px 50px rgba(0,0,0,0.15);\n    cursor: pointer;\n    margin: 0px auto;\n    border: 2px solid midnightblue;\n}\n\nthead tr {\n    background-color: midnightblue;\n    color: #fff;\n    text-align: left;\n}\n\nth, td {\n    padding: 15px 20px;\n    text-align: center;\n}\n\ntbody tr, td, th {\n    border: 1px solid #ddd;\n}\n\ntbody tr:nth-child(even){\n    background-color: #f3f3f3;\n}\n\n@media screen and (max-width: 550px) {\n  body {\n    align-items: flex-start;\n  }\n  .table-style  {\n    width: 100%;\n    margin: 0px;\n    font-size: 10px;\n  }\n  th, td {\n    padding: 10px 7px;\n}\n\n}\n<\/head>\n<\/style>\n            <tr>\n                <th style=\"width: 20%;\">Titre<\/th>\n               <th style=\"width: 50%;\">Institution partenaire<\/th>\n                <th style=\"width: 13%;\">Dur\u00e9e<\/th>\n                <th style=\"width: 17%;\">Coordinateur<\/th>\n               \n            <\/tr>\n        <\/thead>\n        \n\n        <tbody>\n  <tr>\n                <td>RADIO-Research &#038; innovAtive Development International Offices networking for upscaling research capacities and encouragement of multidisciplinary studies<\/td>\n                <td>UNIVERSITE DES SCIENCES ET LA TECHNOLOGIE HOUARI BOUMEDIENE(USTHB),UNIVERSITE DE MOSTAGANEM(UMAB),ARAB ACADEMY FOR SCIENCE, TECHNOLOGY AND MARITIME TRANSPORT(AASTMT),\nGERMAN UNIVERSITY IN CAIRO (GUC),UNIVERSITE DE PAU ET DES PAYS DE L&#8217;ADOUR (UPPA),Istanbul Nisantasi University (YOK) <\/td>\n                <td>2024-2027<\/td>\n                <td>Pr.NADJIA BEKKARI <\/td>\n <\/tr>\n       \n     \n            <tr>\n                <td><a href=\"https:\/\/seed4na.eu\/\">Spatial Data Infrastructures And Earth Observation Education And Training For North-Africa SEED4NA<\/a><\/td>\n                <td>KATHOLIEKE UNIVERSITEIT LEUVEN,UNIVERSITEIT TWENTE,\nNOVOGIT AB,FAYOUM UNIVERSITY,INSTITUT AGRONOMIQUE ET VETERINAIRE HASSAN II,UNIVERSITE OF JENDOUBA,\nORAN  UNIVERSITY,HOCHSCHULE BOCHUM,UNIVERSITY OF ZAGREB ,ALEXANDRIA UNIVERSITY,UNIVERSITE IBNOU ZOHR A AGADIR,CARTHAGE UNIVERSITY,REGIONAL CENTRE OF REMOTE SENSING OF NORTH AFRICA STATES,UNIVERSITY OF SCIENCE AND TECHNOLOGY HOUARI BOUMEDIENE <\/td>\n                <td>2020-2023<\/td>\n                <td>Pr.Kourougli <\/td>\n <\/tr>\n       <tr>\n                 <td>Projet Erasmus +SM Weld\nSouth Mediterranean Welding Center for Education, Training and Quality Control, SM WELD<\/td>\n                <td>\uf0d8\t<B>Partenaires du Projet <\/B>:\n \tKTH Royal Institute of Technology, Sweden, Porteur du projet ;\n \tUSTHB ;\n \tInstitute of Entrepreneurship Development;\n \tUniversity of Coimbra;\n \tUNIVERSITY OF LEON ;\n \tUniversity of Galati;\n \tEuropean Federation for Welding, Joining and Cutting;\n \tGSI-Gesellschaft f\u00fcr Schwei\u00df technik International mbH;\n \tUniversit\u00e9 Fr\u00e8res Mentouri Constantine;\n \tNational Engineering School of Monastir ;\n \tUniversity of SFAX ;\n \tEntreprise Nationale des v\u00e9hicules Industriels, Algeria ;\n \tYIT Yamani Institute of Technology;\n \tSoci\u00e9t\u00e9 des Materiels de Gerbage et de Manutention, Algeria ;\n \tSOCOMININ, Tunisia ;\n \tTECHNOPREST SARL, Tunisia ;\n \tSFAX Chamber of Commerce &#038; Industry, Tunisia \n\t<\/td>\n                <td>2018-2021<\/td>\n                <td>Pr. OUALI Noureddine<\/td>\n                <td><\/td>\n              \n            <\/tr>\n    <tr>\n                 <td> ANL Med ALGERIAN NATIONAL LABORATORY FOR MAINTENANCE EDUCATION<\/td> \n                <td><B>08 partenaires Alg\u00e9riens<\/B> :\n \tUSTHB\n \tUFMC1, Constantine\n \tUBMA, Boumerdes\n \tCRTI, Alger\n \tCTMC, Groupe IMetal\n \tSNVI, Rouiba \n \tGERMAN, Constantine\n\t<B>06 partenaires Europ\u00e9ens<\/B>:\n \tKTH, Stockholm (Su\u00e8de)\n \tUniversit\u00e9 de Vigo (Espagne)\n \tInstitut d\u2019Entreprenariat et d\u00e9veloppement, Larissa (Gr\u00e8ce)\n \tUniversit\u00e9 de Galati (Roumanie)\n \tUniversit\u00e9 Polytechnique Delle Marche, Ancona (Italie)\n \tPLASMATRIX, Stockholm (Su\u00e8de) \n<\/td>\n                <td>2018-2020<\/td>\n                <td>Pr.CHIKH Saleh <\/td>\n               \n                \n            <\/tr>\n\n\n<\/FONT>\n        <\/tbody>\n\n    <\/table>\n","protected":false},"excerpt":{"rendered":"<p>Erasmus+ est un programme de l\u2019union europ\u00e9enne qui vise \u00e0 <span class=\"readmore\"><a href=\"https:\/\/vrrelex.usthb.dz\/index.php\/erasmus\/\">Lire Plus<\/a><\/span><\/p>\n","protected":false},"author":1,"featured_media":0,"parent":0,"menu_order":0,"comment_status":"closed","ping_status":"closed","template":"","meta":{"footnotes":""},"_links":{"self":[{"href":"https:\/\/vrrelex.usthb.dz\/index.php\/wp-json\/wp\/v2\/pages\/121"}],"collection":[{"href":"https:\/\/vrrelex.usthb.dz\/index.php\/wp-json\/wp\/v2\/pages"}],"about":[{"href":"https:\/\/vrrelex.usthb.dz\/index.php\/wp-json\/wp\/v2\/types\/page"}],"author":[{"embeddable":true,"href":"https:\/\/vrrelex.usthb.dz\/index.php\/wp-json\/wp\/v2\/users\/1"}],"replies":[{"embeddable":true,"href":"https:\/\/vrrelex.usthb.dz\/index.php\/wp-json\/wp\/v2\/comments?post=121"}],"version-history":[{"count":28,"href":"https:\/\/vrrelex.usthb.dz\/index.php\/wp-json\/wp\/v2\/pages\/121\/revisions"}],"predecessor-version":[{"id":1509,"href":"https:\/\/vrrelex.usthb.dz\/index.php\/wp-json\/wp\/v2\/pages\/121\/revisions\/1509"}],"wp:attachment":[{"href":"https:\/\/vrrelex.usthb.dz\/index.php\/wp-json\/wp\/v2\/media?parent=121"}],"curies":[{"name":"wp","href":"https:\/\/api.w.org\/{rel}","templated":true}]}}